3*o - c - 7, 5*c - c = -3*o + 32. Is 4 a factor of (-52)/(-14) - o/(-14)?
True
Let k(c) be the second derivative of -c**5/20 - c**4/4 - c**3/6 - 4*c**2 - 26*c. Does 12 divide k(-5)?
False
Is (2/(-4))/((-135)/445770) a multiple of 44?
False
Let y(j) be the third derivative of -j**5/60 + 5*j**4/12 - j**3 + 10*j**2. Let q be y(9). Suppose q*k = -4*i + 174, 0 = -i - 2 + 5. Is 18 a factor of k?
True
Let s(d) = -d + 3. Let v be s(3). Let y(k) = v + 1 + 83*k**2 - 3 + 3. Does 25 divide y(-1)?
False
Let y = -15 - 4. Let t be (-15)/2*342/y. Suppose 2*g = w + t, 3*g + 5*w = w + 208. Does 34 divide g?
True
Let k = 1744 + -899. Is 39 a factor of k?
False
Suppose 2*s = 3*s - 13. Let f(j) = 3*j - 6. Let b be f(s). Let p = -1 + b. Is p a multiple of 7?
False
Suppose 16*p = 10*p + 696. Does 55 divide p?
False
Suppose -22 = 3*t - 1. Let j(o) = o**2 + 6*o - 4. Let m be j(t). Suppose -75 = -m*q - s, -q + 27 = 2*s + 7. Does 13 divide q?
True
Is 10 a factor of (21 - -164) + (1/(-1) - -6)?
True
Suppose 6*l - 9 - 3 = 0. Suppose 36 = 5*t - 284. Suppose -3*a + 5*g = -t, -3*a + l*g = -2*g - 62. Is a a multiple of 9?
True
Let u(y) = -y**2 + 23*y - 61. Does 10 divide u(18)?
False
Let u be (-8)/(-20) - (-53)/5. Suppose u*l - 3*l - 32 = 0. Suppose -l*x - 5*p + 97 = -0*x, -p = -4*x + 67. Is 15 a factor of x?
False
Let h = 93 - 22. Suppose -5*k = -4*d - h, 7*k + 5*d - 24 = 3*k. Suppose x - k = 41. Is x a multiple of 13?
True
Suppose -5*k - 4 = -64. Let y(r) = 7*r - 62. Is y(k) a multiple of 11?
True
Suppose 0 = -t - 4*m + 16, 3*m = -5*t + 2*m + 42. Let i be 45/60 + (-6)/t. Suppose i = 2*f - 97 + 17. Does 40 divide f?
True
Suppose 1045*b = 1046*b - 1279. Is 37 a factor of b?
False
Suppose 0 = 3*b - 4*b + 10. Let z be (-1 + 79)/(15/b). Let w = 89 - z. Does 13 divide w?
False
Let w(f) = -f + 37. Let z be w(-21). Suppose -z*h + 53*h = -510. Is 17 a factor of h?
True
Does 13 divide -14*723/(-30) - (-75)/125?
True
Let p(v) be the first derivative of -6*v**2 - 56*v - 9. Is 42 a factor of p(-16)?
False
Let n be (-42)/((-1)/4*2). Suppose 7*t - 4*t = n. Is 28 a factor of (-406)/(-8) - (-7)/t?
False
Let g = 62 - 68. Let u(y) = 2*y**2 + 6*y + 23. Is u(g) a multiple of 31?
False
Suppose -4*j = 5*h - 15, -4*j + 1 = h - 2. Suppose a - 5*a = j. Suppose -5*d + a*d = -45. Is d a multiple of 9?
True
Suppose 4*i - w = w + 90, 0 = -i + 4*w + 33. Suppose i = -2*a + 25. Suppose 0 = l + l - 2*o - 12, -a*o - 28 = -4*l. Does 4 divide l?
True
Does 20 divide (19 - -437)*(-3)/(18/(-15))?
True
Let y = 3211 + -307. Does 12 divide y?
True
Let s(z) = z**3 - 20*z**2 - z - 20. Is 13 a factor of s(21)?
False
Let c(p) be the second derivative of 3*p**5/10 + p**3/2 + p**2/2 + 5*p. Let v be c(-2). Let m = v + 155. Does 34 divide m?
True
Suppose -485 = -4*l + 1927. Is l a multiple of 18?
False
Let w(n) = n. Let r(a) = a - 2. Let d(f) = 3*r(f) - 6*w(f). Suppose -19 = 3*q - 1. Is 3 a factor of d(q)?
True
Let l(x) = x**3 + 15*x**2 + 3*x - 38. Is l(-10) a multiple of 72?
True
Let t(b) = -b**3 - b**2 - 2*b + 15. Let m be (1 - 1)*14/28. Is 5 a factor of t(m)?
True
Let k = 264 - 154. Let m = 205 - k. Does 19 divide m?
True
Suppose -309 = -3*f + c, f + 2*c - 300 = -2*f. Suppose 0*i - 2*i = w - f, 4*w = -2*i + 438. Is w a multiple of 13?
False
Suppose 57 = u + 2*v + 3*v, -3*v = 4*u - 228. Is 10 a factor of u?
False
Does 4 divide 4 + ((-4)/(-1))/((-5)/(-160))?
True
Let x = -24 - -25. Let u be (x - 2)*(6 - 15). Suppose u = 3*p - 2*p. Is 5 a factor of p?
False
Let x be -2*2*(1 + 5/10). Let p(w) = w**2 - 2*w + 1. Let g be p(3). Is 24 - g/(x/3) a multiple of 26?
True
Suppose 24113 = 78*l - 21829. Is 19 a factor of l?
True
Let w(n) = 2*n**3 + 5*n**2 + n - 3. Let c(y) = y**3 + 4*y**2 + y - 2. Let t(o) = -3*c(o) + 2*w(o). Let r = 5 + -2. Is 6 a factor of t(r)?
True
Let d be ((-96)/36)/(2/(-3)). Suppose -n + 145 = d*n. Suppose -4*i + 121 - n = 0. Is 13 a factor of i?
False
Suppose 21*w - 19*w = 810. Is w a multiple of 45?
True
Let h(j) = 314*j**3 + 2*j**2 - 8*j + 7. Does 45 divide h(1)?
True
Suppose -2*p + 2 = 0, 0*p + 179 = -5*g + 4*p. Let b = g - -61. Is 26 a factor of b?
True
Suppose p + p - 398 = -4*i, 0 = 3*i + 2*p - 296. Is 17 a factor of i?
True
Suppose 17*t - 1204 - 921 = 0. Is 4 a factor of t?
False
Let u = 20 + -8. Let p(n) = -n**2 + 15*n - 5. Let t(i) = -i**2 + 14*i - 5. Let y(h) = 2*p(h) - 3*t(h). Is y(u) a multiple of 5?
True
Let p(h) = 9*h**2 + 27*h - 15. Does 9 divide p(-5)?
False
Let r be (420/9 + 3)*3. Let h = r + -94. Does 16 divide h?
False
Is 78 a factor of (-13)/26*18*52*-1?
True
Let i be -8638*1/(-6) + (-2)/(-6). Suppose -6*g + i = 2*g. Is g a multiple of 45?
True
Suppose -3*d = 4*v - 721 - 558, 5*v - 2130 = -5*d. Does 51 divide d?
False
Let g = 404 + -119. Is g a multiple of 8?
False
Let o = -1054 + 1914. Does 19 divide o?
False
Suppose -o - g + 4145 = 0, 3*o - 12410 = 124*g - 122*g. Does 18 divide o?
True
Suppose -5*r = -k - 1325 - 5871, -2*r + k + 2876 = 0. Is r a multiple of 16?
True
Suppose 2*v - 13 = 3*j - 2, -4*j - 4 = 0. Suppose q - 93 = -v*m - 29, 9 = 3*m. Is q a multiple of 26?
True
Let y(a) = -a**2 - 6*a - 1. Let b be y(-5). Suppose 0 = -2*w + 4 + 4, 146 = 5*f + b*w. Is 4 a factor of f?
False
Suppose -2*z + 4*f = 8*f - 162, 3*z + 2*f - 255 = 0. Let t(k) = z + 64 - 39 - 3*k. Is 14 a factor of t(0)?
True
Suppose 0 = 18*m - 17*m - 5. Suppose -7*t + 2*t + 15 = 0. Suppose -m = -t*d + 31. Does 6 divide d?
True
Let l = -11 + 8. Let o be (-26)/(-5) + l/15. Suppose -o*m + 85 + 5 = 0. Is m a multiple of 6?
True
Let u(k) = -18*k + 6. Let l be (4/(-3))/(26/39). Is 30 a factor of u(l)?
False
Let i = 457 + -324. Let c be (1 + 0)/(3/564). Let x = c - i. Is x a multiple of 16?
False
Is 5 + 633 - (-2 + -1) a multiple of 49?
False
Suppose 48 = -3*u - 3*u. Let l = -7 + u. Is 19 a factor of ((-396)/l)/(6/20)?
False
Is (5/((-75)/(-6)))/((-1)/(-2220)) a multiple of 24?
True
Suppose -2*q = 3*x - 411, -4*q + 3*x - 6*x = -831. Is q a multiple of 11?
False
Let h(a) = 25*a**2 - a + 4. Let i be h(-3). Suppose 10*m = 8*m + i. Is 29 a factor of m?
True
Does 11 divide 3*8/(24/55)?
True
Suppose -3*c = 2*n - 8, -2*n + c = -6*n + 26. Suppose -n*g + 1792 = 7*g. Is g a multiple of 16?
True
Suppose -2*p - 5*a + 113 = 0, -5*p + 3*a = -7*p + 119. Is 16 a factor of p?
True
Does 7 divide ((-49830)/(-132))/((-1)/(-2))?
False
Let t(s) = 16*s + 170 + 15*s**2 + 3*s**2 - 148 - s**3. Is t(18) a multiple of 35?
False
Let q(t) = 2 - t**3 - 1 + 6*t**2 - t**2 + t. Let k(l) = -2*l**3 - 2*l**2 + 3*l + 3. Let n be k(-2). Is q(n) a multiple of 6?
True
Let l = 69 + -123. Suppose -25*b = -v - 24*b - 19, 3*v + 53 = 2*b. Let t = v - l. Does 17 divide t?
False
Let g(t) = t**3 - 27. Let u be g(0). Let f be 2/(-6) + (-441)/u. Suppose -z + f = z. Is 4 a factor of z?
True
Suppose i - 2 = 0, -n + 55 = -4*i - 132. Does 8 divide n?
False
Let v(s) be the second derivative of s**4/12 - 3*s**3/2 + s**2 + 14*s. Is v(11) a multiple of 2?
True
Let p(n) = -5*n**3 + 6*n**2 + 4*n - 16. Is p(-4) a multiple of 5?
False
Let i = -45 - -40. Let s(z) = z**3 + 7*z**2 + 6*z + 7. Does 8 divide s(i)?
False
Let w(y) = -6 + 7*y**2 - 6*y - 1 + 7*y + y**3 + 4*y. Let d = -9 - -4. Is 9 a factor of w(d)?
True
Suppose 981 = 2*z + w, 66*w - 2463 = -5*z + 67*w. Is 22 a factor of z?
False
Suppose 51*h + 5*h = 40320. Is h a multiple of 24?
True
Suppose -s + 6*s = -4*x + 5958, -5*x = 4*s - 7452. Does 52 divide x?
False
Suppose -3*j + 5694 = 3*l, 25*j - l - 7592 = 21*j. Does 26 divide j?
True
Let w be 73*1 + 8 + -10. Let t = -43 + w. Suppose -2*g - 3*o = -17, -3*g - 2*o + t = -0*o. Is 7 a factor of g?
False
Let x(r) = -r + 136. Let g be x(0). Let w = 204 - g. Is w a multiple of 8?
False
Suppose 0*p + 4*b + 28 = -p, 0 = 3*p + 5*b + 49. Let d(q) = -3*q - 20. Let l be d(p). Suppose l*c = 0, 2*c + 2*c + 93 = 3*z. Does 23 divide z?
False
Let y(f) = f - 2 + 0*f + 0*f. Let p be y(5). Let h(x) = 16*x + 7. Is h(p) a multiple of 17?
False
Let i = 1835 + -1278. Is 22 a factor of i?
False
Suppose 0 = -10*t - t + 7612. Is 12 a factor of t?
False
Let p be 2 + 0/1 + -14. Suppose -h + 2 = -0*h, -4*z + 4*h = 16. Let c = z - p. Is c a multiple of 5?
True
Suppose 2*q + 3*t - 68 - 101 = 0, 3*q = 3*t + 216. Is 22 a factor of 20/(-4) + (q - 1)?
False
Let c(b) = -32*b - 112. Is c(-9) a multiple of 8?
True
Suppose 5 